.
22
Let x(c) = 39*c - 422. Determine x(6).
-188
Let p(c) = -2*c**3 - 152*c**2 - 1321*c - 66. Determine p(-66).
0
Let u(j) = -7*j**3 + 276*j**2 - 115*j - 72. Give u(39).
6
Let q(a) = -a**3 - 43*a**2 + 245*a + 231. Calculate q(-48).
-9
Let q(f) = -1037*f - 19693. Give q(-19).
10
Let t(v) = -v**2 + 41*v - 184. Calculate t(13).
180
Let r(t) = -43*t + 513. Calculate r(18).
-261
Let g(x) = -x**3 + 7*x**2 + 223*x - 21. Give g(-12).
39
Let b(u) = -2*u**2 + 557*u - 35035. Determine b(96).
5
Let g(a) = -a**3 + 3*a**2 + 3*a + 121. Determine g(0).
121
Let a(n) = 2*n**3 + 16*n**2 + 19*n + 1. Give a(-8).
-151
Let p(h) = h**3 + 30*h**2 + 11*h + 4. What is p(-30)?
-326
Let p(z) = -345*z - 9312. What is p(-27)?
3
Let u(d) = d**3 + 6*d**2 + 2801*d + 14013. Calculate u(-5).
33
Let x(f) = f**2 - 90*f + 2010. Give x(45).
-15
Let f(o) = o**3 + 7*o**2 - 36*o - 46. Give f(-10).
14
Let w(o) = 132*o + 1685. Calculate w(-13).
-31
Let x(b) = 135*b - 17970. Give x(133).
-15
Let y(a) = 2*a**3 + 60*a**2 + 56*a - 59. Determine y(-29).
-1
Let y(z) = 3*z**3 + 76*z**2 + 24*z - 15. Calculate y(-25).
10
Let l(y) = y**3 - 7*y**2 + 36*y - 93. Calculate l(5).
37
Let p(o) = 4*o**2 + 57*o + 315. What is p(-6)?
117
Let g(b) = -38*b - 65. Calculate g(-1).
-27
Let s(c) = -6*c**2 + 93*c + 7. What is s(15)?
52
Let v(p) = p - 36. Calculate v(18).
-18
Let h(l) = -l**3 - 49*l**2 + 11*l + 78. Calculate h(-49).
-461
Let h(m) = 2*m**3 - 18*m**2 - 18*m - 9. What is h(10)?
11
Let j(g) = -5*g - 9. Determine j(21).
-114
Let u(n) = n**2 + 8*n + 13. Calculate u(-3).
-2
Let i(c) = c**3 + 16*c**2 + 9*c - 463. Determine i(-12).
5
Let c(l) = -2*l**3 - 19*l**2 - 8*l + 39. Give c(-8).
-89
Let n(b) = 370*b + 4474. What is n(-12)?
34
Let y(t) = -14*t + 13. What is y(-1)?
27
Let m(w) = -65*w - 208. Determine m(-3).
-13
Let d(j) = -2*j**2 - 269*j + 1098. Determine d(4).
-10
Let m(s) = 1049*s - 6288. What is m(6)?
6
Let b(q) = -54*q**3 + 2*q**2 + q + 1. Give b(-1).
56
Let g(p) = -p**2 - 60*p + 35. Give g(-60).
35
Let p(z) = z**3 - 6*z**2 + 13*z - 28. Calculate p(4).
-8
Let l(a) = a**2 + 215*a + 1073. What is l(-5)?
23
Let j(v) = -861*v + 16353. Determine j(19).
-6
Let v(y) = -3*y**3 + 18*y**2 - 41*y + 726. Give v(8).
14
Let s(b) = 3*b**2 + 153*b + 297. Give s(-49).
3
Let d(i) = 4*i**2 - 185*i + 1405. What is d(8)?
181
Let q(n) = -n - 1008. Determine q(-85).
-923
Let s(y) = -y**3 - y**2 + 24*y - 15. Calculate s(5).
-45
Let n(u) = 3*u**2 - 149*u - 48. Calculate n(49).
-146
Let n(j) = 88*j - 5182. Determine n(59).
10
Let g(k) = -k**3 - 60*k**2 - 659*k + 17. Give g(-46).
707
Let n(z) = -1737*z + 1632. Give n(1).
-105
Let n(u) = -u**2 - 74*u - 477. What is n(-68)?
-69
Let t(q) = -15*q - 293. Give t(-23).
52
Let q(b) = 2*b + 40. Calculate q(34).
108
Let v(f) = -f**3 - 54*f**2 + 218*f - 822. Calculate v(-58).
-10
Let h(c) = -c**2 - 10*c + 40. Determine h(-13).
1
Let j(q) = -32*q + 1184. Give j(55).
-576
Let k(s) = -s**2 + 32*s + 420. What is k(-10)?
0
Let w(x) = -100*x + 750. Give w(4).
350
Let h(j) = -2*j**2 - 29*j - 37. Calculate h(-13).
2
Let a(d) = -4*d**3 + d**2 - 6*d + 3. Determine a(3).
-114
Let o(g) = -26*g + 342. Give o(19).
-152
Let h(q) = 78*q + 68. What is h(-3)?
-166
Let f(d) = d**3 - 67*d**2 - 358*d - 36. Give f(72).
108
Let f(i) = 2*i**3 + 14*i**2 + 5*i - 56. Determine f(-7).
-91
Let y(a) = -a**3 - 8*a**2 - 18*a - 75. Determine y(-7).
2
Let m(s) = 105*s - 6. Give m(0).
-6
Let i(b) = 2*b**3 - 100*b**2 - 232*b + 1245. Give i(52).
-3
Let m(y) = -3*y**2 - 123*y - 1219. Determine m(-26).
-49
Let j(v) = v**3 - 15*v**2 - 287*v + 1. Give j(26).
-25
Let q(c) = -417*c - 87570. Calculate q(-210).
0
Let x(s) = 7*s + 677. Calculate x(-70).
187
Let f(c) = 31*c - 567. Give f(22).
115
Let u(r) = r**3 + 4*r**2 - 20*r - 5. What is u(-7)?
-12
Let l(z) = 2270*z + 11350. Calculate l(-5).
0
Let d(g) = -g**3 - 8*g**2 + 57*g + 72. Give d(-12).
-36
Let m(y) = 123*y + 729. Give m(-6).
-9
Let p(j) = 13*j + 935. Calculate p(-73).
-14
Let c(j) = 8*j**2 + 21690*j + 21691. Give c(-1).
9
Let m(f) = 308*f - 344. What is m(0)?
-344
Let n(a) = -a**3 + 34*a**2 - 28*a - 99. Determine n(33).
66
Let b(h) = h**2 + 504*h + 8731. Give b(-18).
-17
Let k(t) = -5*t - 61. What is k(-16)?
19
Let y(j) = -j**2 + j + 360. Give y(21).
-60
Let s(t) = -7*t**3 - 96*t**2 - 57*t + 18. Calculate s(-13).
-86
Let h(f) = 4*f**2 - 55. What is h(-5)?
45
Let u(x) = -3*x**3 + 83*x**2 - 54*x - 23. Give u(27).
-23
Let d(p) = -p**3 - 28*p**2 - 18*p + 197. Calculate d(-27).
-46
Let s(n) = -n**3 + 53*n**2 - n + 21. What is s(53)?
-32
Let g(s) = s**2 - 41*s - 1123. Determine g(-19).
17
Let a(h) = 16*h + 319. Calculate a(-17).
47
Let z(f) = 8*f**3 + 231*f**2 - 22*f + 209. Calculate z(-29).
6
Let x(v) = 5*v**2 + 422*v + 167. Determine x(-84).
-1
Let l(k) = -223*k + 25. Determine l(-1).
248
Let g(k) = 14*k - 241. Determine g(25).
109
Let x(o) = 60*o**2 - 777*o - 45. Determine x(13).
-6
Let z(v) = -v**2 + 53*v + 48. Give z(0).
48
Let j(o) = -o**3 + 29*o**2 - 57*o + 15. Give j(27).
-66
Let d(n) = -9*n**2 - 43*n + 1. What is d(-6)?
-65
Let m(p) = 34*p**3 + 21*p**2 - 3*p - 6. Determine m(-3).
-726
Let q(c) = c**2 - 57*c + 387. Calculate q(49).
-5
Let s(h) = h**2 + h - 11. What is s(-9)?
61
Let o(m) = m**3 - 35*m**2 + 24*m - 836. Calculate o(35).
4
Let j(y) = -4*y**2 + 87*y + 3068. Give j(-19).
-29
Let i(x) = -35*x + 868. Calculate i(25).
-7
Let q(v) = 86*v + 1154. Determine q(-13).
36
Let f(g) = g**3 - 8*g**2 - 49*g + 19. What is f(0)?
19
Let j(z) = -z**2 + 49*z - 412. Give j(32).
132
Let j(f) = 122*f + 751. Determine j(-6).
19
Let h(r) = 27*r**2 - 177*r - 718. Calculate h(-4).
422
Let v(b) = -2*b**2 - 77*b - 341. Calculate v(-34).
-35
Let x(d) = 79*d - 689. Determine x(6).
-215
Let o(a) = -4075*a + 130410. What is o(32)?
10
Let j(u) = u**2 - 183*u - 54906. Calculate j(343).
-26
Let w(y) = 4*y**3 - 20*y**2 - 27*y + 77. Determine w(3).
-76
Let v(m) = -292*m + 11423. Give v(39).
35
Let n(f) = 7*f**2 - 209*f + 1223. Determine n(22).
13
Let g(d) = -8*d**2 - 20*d + 1. Determine g(-3).
-11
Let x(r) = 2*r**3 - 44*r**2 + 206*r - 39. Calculate x(6).
45
Let c(f) = -f**3 + 14*f + 19. Calculate c(-4).
27
Let u(v) = 869*v + 56. Calculate u(0).
56
Let x(j) = 40*j**2 + 29*j - 134. What is x(4)?
622
Let z(p) = p**3 + 3*p**2 + 10007*p + 40044. Calculate z(-4).
0
Let i(l) = 15*l - 417. Determine i(27).
-12
Let o(g) = 243*g + 974. What is o(-4)?
2
Let n(f) = f**3 + 14*f**2 + 10*f - 40. Give n(-12).
128
Let d(k) = -5*k**2 + 134*k - 3. Give d(26).
101
Let k(u) = 99*u**2 + 690*u - 19. Determine k(-7).
2
Let z(n) = -387*n - 18963. Give z(-49).
0
Let p(t) = -438*t**2 - 1328*t - 32. Calculate p(-3).
10
Let h(z) = z**2 + 93*z - 2269. Give h(20).
-9
Let v(a) = -a**3 - 9*a**2 + 66*a + 16. Determine v(5).
-4
Let y(v) = v**2 + 142*v - 11088. Determine y(-198).
0
Let v(p) = 8*p - 92. What is v(10)?
-12
Let j(m) = -m**3 + 79*m**2 - 152*m - 40. What is j(77)?
114
Let z(i) = i**3 + 22*i**2 + 87*i + 574. Calculate z(-19).
4
Let h(y) = y**3 + 28*y**2 - 202*y + 60. Give h(-34).
-8
Let i(k) = -k**3 + 11*k**2 - 89*k + 1103. Determine i(10).
313
Let r(i) = 1877*i - 5646. Calculate r(3).
-15
Let x(q) = -2*q**2 + 52*q + 411. What is x(34)?
-133
Let b(k) = k**2 - 286*k + 9419. Calculate b(248).
-5
Let y(v) = -2*v**2 - 29*v + 152. Calculate y(-20).
-68
Let x(j) = 279*j + 5007. What is x(-18)?
-15
Let o(a) = 200*a - 3809. Give o(19).
-9
Let r(y) = -25*y + 43. Give r(5).
-82
Let x(t) = 14*t**3 - 135*t**2 + 274*t + 2. What is x(2)?
122
Let c(w) = -2*w**3 + 12*w**2 - 16*w - 21. What is c(5)?
-51
Let m(i) = 147*i - 31903. Give m(217).
-4
Let i(k) = -2*k**3 + 3*k**2 + 6*k + 6. Determine i(-2).
22
Let k(b) = 12*b - 152. Calculate k(11).
-20
Let m(p) = 8*p**3 - 9*p**2 + 17*p - 4. Calculate m(2).
58
Let y(q) = 520*q - 40031. Calculate y(77).
9
Let m(z) = 195*z - 10237. Give m(52).
-97
Let i(l) = l**3 + 9*l**2 + 15*l - 22. Determine i(-6).
-4
Let x(u) = 665*u + 2582. Calculate x(-4).
-78
Let b(w) = w**3 - 43*w**2 - 214*w + 1241. Give b(47).
19
Let n(u) = -8*u**2 + 328*u + 38. Calculate n(41).
38
Let m(p) = 2*p**3 - 25*p**2 - 7*p + 245. Determine m(12).
17
Let u(x) = 5*x - 50. Determine u(-7).
-85
Let b(y) = 4*y**2 - 57*y + 87. Calculate b(24).
1023
Let n(y) = -43*y + 168. Give n(4).
-4
Let p(h) = -h**3 - 22*h**2 - 34*h - 288. 